23.24.135.205 - - [25/Jan/2022:07:04:40 -0800] "GET /images/team_interior.jpg HTTP/1.1" 200 49041 "http://fireinspectionservices.com/about.html" "Mozilla/5.0 (Windows NT 10.0; Win64; x64) AppleWebKit/537.36 (KHTML, like Gecko) Chrome/97.0.4692.71 Safari/537.36" "fireinspectionservices.com"
23.24.135.205 - - [25/Jan/2022:07:04:40 -0800] "GET /images/blueprints_interior.jpg HTTP/1.1" 200 48254 "http://fireinspectionservices.com/about.html" "Mozilla/5.0 (Windows NT 10.0; Win64; x64) AppleWebKit/537.36 (KHTML, like Gecko) Chrome/97.0.4692.71 Safari/537.36" "fireinspectionservices.com"
23.24.135.205 - - [25/Jan/2022:07:04:40 -0800] "GET /images/firestrobe_interior.jpg HTTP/1.1" 200 40555 "http://fireinspectionservices.com/about.html" "Mozilla/5.0 (Windows NT 10.0; Win64; x64) AppleWebKit/537.36 (KHTML, like Gecko) Chrome/97.0.4692.71 Safari/537.36" "fireinspectionservices.com"
23.24.135.205 - - [25/Jan/2022:07:04:41 -0800] "GET /images/buildings_interior.jpg HTTP/1.1" 200 41063 "http://fireinspectionservices.com/about.html" "Mozilla/5.0 (Windows NT 10.0; Win64; x64) AppleWebKit/537.36 (KHTML, like Gecko) Chrome/97.0.4692.71 Safari/537.36" "fireinspectionservices.com"
23.24.135.205 - - [25/Jan/2022:07:04:41 -0800] "GET /images/hospital_interior.jpg HTTP/1.1" 200 56452 "http://fireinspectionservices.com/about.html" "Mozilla/5.0 (Windows NT 10.0; Win64; x64) AppleWebKit/537.36 (KHTML, like Gecko) Chrome/97.0.4692.71 Safari/537.36" "fireinspectionservices.com"
23.24.135.205 - - [25/Jan/2022:07:04:41 -0800] "GET /images/castle_interior.jpg HTTP/1.1" 200 40750 "http://fireinspectionservices.com/about.html" "Mozilla/5.0 (Windows NT 10.0; Win64; x64) AppleWebKit/537.36 (KHTML, like Gecko) Chrome/97.0.4692.71 Safari/537.36" "fireinspectionservices.com"
23.24.135.205 - - [25/Jan/2022:07:04:41 -0800] "GET /images/fireextinguisher_interior.jpg HTTP/1.1" 200 28941 "http://fireinspectionservices.com/about.html" "Mozilla/5.0 (Windows NT 10.0; Win64; x64) AppleWebKit/537.36 (KHTML, like Gecko) Chrome/97.0.4692.71 Safari/537.36" "fireinspectionservices.com"
23.24.135.205 - - [25/Jan/2022:07:04:41 -0800] "GET /images/whole_foods_interior.jpg HTTP/1.1" 200 40300 "http://fireinspectionservices.com/about.html" "Mozilla/5.0 (Windows NT 10.0; Win64; x64) AppleWebKit/537.36 (KHTML, like Gecko) Chrome/97.0.4692.71 Safari/537.36" "fireinspectionservices.com"
23.24.135.205 - - [25/Jan/2022:07:04:41 -0800] "GET /images/sprinkler_interior.jpg HTTP/1.1" 200 17602 "http://fireinspectionservices.com/about.html" "Mozilla/5.0 (Windows NT 10.0; Win64; x64) AppleWebKit/537.36 (KHTML, like Gecko) Chrome/97.0.4692.71 Safari/537.36" "fireinspectionservices.com"
23.24.135.205 - - [25/Jan/2022:07:04:41 -0800] "GET /loading.gif HTTP/1.1" 404 88 "http://fireinspectionservices.com/about.html" "Mozilla/5.0 (Windows NT 10.0; Win64; x64) AppleWebKit/537.36 (KHTML, like Gecko) Chrome/97.0.4692.71 Safari/537.36" "fireinspectionservices.com"
23.24.135.205 - - [25/Jan/2022:07:04:54 -0800] "GET /team.html HTTP/1.1" 200 1661 "http://fireinspectionservices.com/about.html" "Mozilla/5.0 (Windows NT 10.0; Win64; x64) AppleWebKit/537.36 (KHTML, like Gecko) Chrome/97.0.4692.71 Safari/537.36" "fireinspectionservices.com"
23.24.135.205 - - [25/Jan/2022:07:04:55 -0800] "GET /scripts/scripts.js HTTP/1.1" 404 88 "http://fireinspectionservices.com/team.html" "Mozilla/5.0 (Windows NT 10.0; Win64; x64) AppleWebKit/537.36 (KHTML, like Gecko) Chrome/97.0.4692.71 Safari/537.36" "fireinspectionservices.com"
23.24.135.205 - - [25/Jan/2022:07:05:04 -0800] "GET /references.html HTTP/1.1" 200 1901 "http://fireinspectionservices.com/team.html" "Mozilla/5.0 (Windows NT 10.0; Win64; x64) AppleWebKit/537.36 (KHTML, like Gecko) Chrome/97.0.4692.71 Safari/537.36" "fireinspectionservices.com"
23.24.135.205 - - [25/Jan/2022:07:05:04 -0800] "GET /scripts/scripts.js HTTP/1.1" 404 88 "http://fireinspectionservices.com/references.html" "Mozilla/5.0 (Windows NT 10.0; Win64; x64) AppleWebKit/537.36 (KHTML, like Gecko) Chrome/97.0.4692.71 Safari/537.36" "fireinspectionservices.com"
23.24.135.205 - - [25/Jan/2022:07:05:04 -0800] "GET /images/remodel_reference_page.jpg HTTP/1.1" 200 121757 "http://fireinspectionservices.com/references.html" "Mozilla/5.0 (Windows NT 10.0; Win64; x64) AppleWebKit/537.36 (KHTML, like Gecko) Chrome/97.0.4692.71 Safari/537.36" "fireinspectionservices.com"
23.24.135.205 - - [25/Jan/2022:07:05:04 -0800] "GET /images/hospital_reference_page.jpg HTTP/1.1" 200 110331 "http://fireinspectionservices.com/references.html" "Mozilla/5.0 (Windows NT 10.0; Win64; x64) AppleWebKit/537.36 (KHTML, like Gecko) Chrome/97.0.4692.71 Safari/537.36" "fireinspectionservices.com"
23.24.135.205 - - [25/Jan/2022:07:05:04 -0800] "GET /images/whole_foods_reference_page.jpg HTTP/1.1" 200 100819 "http://fireinspectionservices.com/references.html" "Mozilla/5.0 (Windows NT 10.0; Win64; x64) AppleWebKit/537.36 (KHTML, like Gecko) Chrome/97.0.4692.71 Safari/537.36" "fireinspectionservices.com"
23.24.135.205 - - [25/Jan/2022:07:05:04 -0800] "GET /loading.gif HTTP/1.1" 404 88 "http://fireinspectionservices.com/references.html" "Mozilla/5.0 (Windows NT 10.0; Win64; x64) AppleWebKit/537.36 (KHTML, like Gecko) Chrome/97.0.4692.71 Safari/537.36" "fireinspectionservices.com"
23.24.135.205 - - [25/Jan/2022:07:05:09 -0800] "GET /free_quote.html HTTP/1.1" 200 1673 "http://fireinspectionservices.com/references.html" "Mozilla/5.0 (Windows NT 10.0; Win64; x64) AppleWebKit/537.36 (KHTML, like Gecko) Chrome/97.0.4692.71 Safari/537.36" "fireinspectionservices.com"
23.24.135.205 - - [25/Jan/2022:07:05:09 -0800] "GET /scripts/scripts.js HTTP/1.1" 404 88 "http://fireinspectionservices.com/free_quote.html" "Mozilla/5.0 (Windows NT 10.0; Win64; x64) AppleWebKit/537.36 (KHTML, like Gecko) Chrome/97.0.4692.71 Safari/537.36" "fireinspectionservices.com"
23.24.135.205 - - [25/Jan/2022:07:05:09 -0800] "GET /images/blueprints_interior.gif HTTP/1.1" 200 118997 "http://fireinspectionservices.com/free_quote.html" "Mozilla/5.0 (Windows NT 10.0; Win64; x64) AppleWebKit/537.36 (KHTML, like Gecko) Chrome/97.0.4692.71 Safari/537.36" "fireinspectionservices.com"
23.24.135.205 - - [25/Jan/2022:07:05:04 -0800] "GET /images/castle_reference_page.jpg HTTP/1.1" 200 75073 "http://fireinspectionservices.com/references.html" "Mozilla/5.0 (Windows NT 10.0; Win64; x64) AppleWebKit/537.36 (KHTML, like Gecko) Chrome/97.0.4692.71 Safari/537.36" "fireinspectionservices.com"
23.24.135.205 - - [25/Jan/2022:07:05:17 -0800] "GET /scripts/scripts.js HTTP/1.1" 404 88 "http://fireinspectionservices.com/contact.html" "Mozilla/5.0 (Windows NT 10.0; Win64; x64) AppleWebKit/537.36 (KHTML, like Gecko) Chrome/97.0.4692.71 Safari/537.36" "fireinspectionservices.com"
23.24.135.205 - - [25/Jan/2022:07:05:17 -0800] "GET /images/map_small.png HTTP/1.1" 200 183926 "http://fireinspectionservices.com/contact.html" "Mozilla/5.0 (Windows NT 10.0; Win64; x64) AppleWebKit/537.36 (KHTML, like Gecko) Chrome/97.0.4692.71 Safari/537.36" "fireinspectionservices.com"
23.24.135.205 - - [25/Jan/2022:07:05:17 -0800] "GET /scripts/scripts.js HTTP/1.1" 404 88 "http://fireinspectionservices.com/index.html" "Mozilla/5.0 (Windows NT 10.0; Win64; x64) AppleWebKit/537.36 (KHTML, like Gecko) Chrome/97.0.4692.71 Safari/537.36" "fireinspectionservices.com"
23.24.135.205 - - [25/Jan/2022:07:05:18 -0800] "GET /loading.gif HTTP/1.1" 404 88 "http://fireinspectionservices.com/index.html" "Mozilla/5.0 (Windows NT 10.0; Win64; x64) AppleWebKit/537.36 (KHTML, like Gecko) Chrome/97.0.4692.71 Safari/537.36" "fireinspectionservices.com"
23.24.135.205 - - [25/Jan/2022:07:05:14 -0800] "GET /contact.html HTTP/1.1" 200 1802 "http://fireinspectionservices.com/free_quote.html" "Mozilla/5.0 (Windows NT 10.0; Win64; x64) AppleWebKit/537.36 (KHTML, like Gecko) Chrome/97.0.4692.71 Safari/537.36" "fireinspectionservices.com"
47.18.84.235 - - [25/Jan/2022:07:07:10 -0800] "GET /scripts/scripts.js HTTP/1.1" 404 88 "http://www.fireinspectionservices.com/" "Mozilla/5.0 (Windows NT 10.0; Win64; x64) AppleWebKit/537.36 (KHTML, like Gecko) Chrome/97.0.4692.71 Safari/537.36" "www.fireinspectionservices.com"
47.18.84.235 - - [25/Jan/2022:07:07:10 -0800] "GET /loading.gif HTTP/1.1" 404 88 "http://www.fireinspectionservices.com/" "Mozilla/5.0 (Windows NT 10.0; Win64; x64) AppleWebKit/537.36 (KHTML, like Gecko) Chrome/97.0.4692.71 Safari/537.36" "www.fireinspectionservices.com"
47.18.84.235 - - [25/Jan/2022:07:09:19 -0800] "GET / HTTP/1.1" 200 20 "-" "Mozilla/5.0 (Windows NT 10.0; Win64; x64) AppleWebKit/537.36 (KHTML, like Gecko) Chrome/97.0.4692.71 Safari/537.36" "www.fireinspectionservices.com"
47.18.84.235 - - [25/Jan/2022:07:09:45 -0800] "GET / HTTP/1.1" 200 20 "-" "Mozilla/5.0 (Windows NT 10.0; Win64; x64) AppleWebKit/537.36 (KHTML, like Gecko) Chrome/97.0.4692.71 Safari/537.36" "www.fireinspectionservices.com"
47.18.84.235 - - [25/Jan/2022:07:09:47 -0800] "GET / HTTP/1.1" 200 20 "-" "Mozilla/5.0 (Windows NT 10.0; Win64; x64) AppleWebKit/537.36 (KHTML, like Gecko) Chrome/97.0.4692.71 Safari/537.36" "www.fireinspectionservices.com"
47.18.84.235 - - [25/Jan/2022:07:09:47 -0800] "GET /yahoo_site_admin/admin?pageEvent%3Dload-dialog%2B%2F_ySmbWs%2Fwelcome_back%2Fadmin&t=1643123387&k=i1&v=37K7f7bgCyKrgKNxd8tEzHuvi8BMuZpabcLye4koRJQxyR_LwXaxixytM.6DXWbjglvVvrZiWIrDXeaZMTJVqr4pcrH1&y=N24Zz6wVs.orJ52PI2Wm9L1gkcU- HTTP/1.1" 200 19440 "-" "Mozilla/5.0 (Windows NT 10.0; Win64; x64) AppleWebKit/537.36 (KHTML, like Gecko) Chrome/97.0.4692.71 Safari/537.36" "fireinspectionservices.com"
47.18.84.235 - - [25/Jan/2022:07:09:48 -0800] "GET /_ySmbWs/welcome_back/admin?tstamp=122-0-25-10-9-47 HTTP/1.1" 200 13424 "http://fireinspectionservices.com/yahoo_site_admin/admin?pageEvent%3Dload-dialog%2B%2F_ySmbWs%2Fwelcome_back%2Fadmin&t=1643123387&k=i1&v=37K7f7bgCyKrgKNxd8tEzHuvi8BMuZpabcLye4koRJQxyR_LwXaxixytM.6DXWbjglvVvrZiWIrDXeaZMTJVqr4pcrH1&y=N24Zz6wVs.orJ52PI2Wm9L1gkcU-" "Mozilla/5.0 (Windows NT 10.0; Win64; x64) AppleWebKit/537.36 (KHTML, like Gecko) Chrome/97.0.4692.71 Safari/537.36" "fireinspectionservices.com"
47.18.84.235 - - [25/Jan/2022:07:09:49 -0800] "GET /_ySmbWs/widgets/admin/list?tstamp=122-0-25-10-9-47 HTTP/1.1" 200 1283 "http://fireinspectionservices.com/yahoo_site_admin/admin?pageEvent%3Dload-dialog%2B%2F_ySmbWs%2Fwelcome_back%2Fadmin&t=1643123387&k=i1&v=37K7f7bgCyKrgKNxd8tEzHuvi8BMuZpabcLye4koRJQxyR_LwXaxixytM.6DXWbjglvVvrZiWIrDXeaZMTJVqr4pcrH1&y=N24Zz6wVs.orJ52PI2Wm9L1gkcU-" "Mozilla/5.0 (Windows NT 10.0; Win64; x64) AppleWebKit/537.36 (KHTML, like Gecko) Chrome/97.0.4692.71 Safari/537.36" "fireinspectionservices.com"
47.18.84.235 - - [25/Jan/2022:07:10:51 -0800] "GET / HTTP/1.1" 200 20 "-" "Mozilla/5.0 (Windows NT 10.0; Win64; x64) AppleWebKit/537.36 (KHTML, like Gecko) Chrome/97.0.4692.71 Safari/537.36" "www.fireinspectionservices.com"
23.24.135.205 - - [25/Jan/2022:07:11:05 -0800] "GET /best_of_wheatridge.html HTTP/1.1" 200 2193 "http://fireinspectionservices.com/index.html" "Mozilla/5.0 (Windows NT 10.0; Win64; x64) AppleWebKit/537.36 (KHTML, like Gecko) Chrome/97.0.4692.71 Safari/537.36" "fireinspectionservices.com"
23.24.135.205 - - [25/Jan/2022:07:11:05 -0800] "GET /scripts/scripts.js HTTP/1.1" 404 88 "http://fireinspectionservices.com/best_of_wheatridge.html" "Mozilla/5.0 (Windows NT 10.0; Win64; x64) AppleWebKit/537.36 (KHTML, like Gecko) Chrome/97.0.4692.71 Safari/537.36" "fireinspectionservices.com"
23.24.135.205 - - [25/Jan/2022:07:11:05 -0800] "GET /images/bestofaward.jpg HTTP/1.1" 200 29307 "http://fireinspectionservices.com/best_of_wheatridge.html" "Mozilla/5.0 (Windows NT 10.0; Win64; x64) AppleWebKit/537.36 (KHTML, like Gecko) Chrome/97.0.4692.71 Safari/537.36" "fireinspectionservices.com"
47.18.84.235 - - [25/Jan/2022:07:11:30 -0800] "GET / HTTP/1.1" 200 20 "-" "Mozilla/5.0 (Windows NT 10.0; Win64; x64) AppleWebKit/537.36 (KHTML, like Gecko) Chrome/97.0.4692.71 Safari/537.36" "www.fireinspectionservices.com"
23.24.135.205 - - [25/Jan/2022:07:11:34 -0800] "GET / HTTP/1.1" 200 20 "-" "Mozilla/5.0 (Windows NT 10.0; Win64; x64) AppleWebKit/537.36 (KHTML, like Gecko) Chrome/97.0.4692.71 Safari/537.36" "fireinspectionservices.com"
23.24.135.205 - - [25/Jan/2022:07:11:43 -0800] "GET / HTTP/1.1" 200 20 "-" "Mozilla/5.0 (Windows NT 10.0; Win64; x64) AppleWebKit/537.36 (KHTML, like Gecko) Chrome/97.0.4692.71 Safari/537.36" "fireinspectionservices.com"
23.24.135.205 - - [25/Jan/2022:07:11:45 -0800] "GET / HTTP/1.1" 200 20 "-" "Mozilla/5.0 (Windows NT 10.0; Win64; x64) AppleWebKit/537.36 (KHTML, like Gecko) Chrome/97.0.4692.71 Safari/537.36" "fireinspectionservices.com"
23.24.135.205 - - [25/Jan/2022:07:12:16 -0800] "GET /scripts/scripts.js HTTP/1.1" 404 88 "http://fireinspectionservices.com/about.html" "Mozilla/5.0 (Windows NT 10.0; Win64; x64) AppleWebKit/537.36 (KHTML, like Gecko) Chrome/97.0.4692.71 Safari/537.36" "fireinspectionservices.com"
47.18.84.235 - - [25/Jan/2022:07:12:11 -0800] "GET /about.html HTTP/1.1" 200 2536 "http://www.fireinspectionservices.com/" "Mozilla/5.0 (Windows NT 10.0; Win64; x64) AppleWebKit/537.36 (KHTML, like Gecko) Chrome/97.0.4692.71 Safari/537.36" "www.fireinspectionservices.com"
47.18.84.235 - - [25/Jan/2022:07:12:19 -0800] "GET /scripts/scripts.js HTTP/1.1" 404 88 "http://www.fireinspectionservices.com/about.html" "Mozilla/5.0 (Windows NT 10.0; Win64; x64) AppleWebKit/537.36 (KHTML, like Gecko) Chrome/97.0.4692.71 Safari/537.36" "www.fireinspectionservices.com"
47.18.84.235 - - [25/Jan/2022:07:12:19 -0800] "GET /images/stairwell_interior.jpg HTTP/1.1" 200 47583 "http://www.fireinspectionservices.com/about.html" "Mozilla/5.0 (Windows NT 10.0; Win64; x64) AppleWebKit/537.36 (KHTML, like Gecko) Chrome/97.0.4692.71 Safari/537.36" "www.fireinspectionservices.com"
47.18.84.235 - - [25/Jan/2022:07:12:19 -0800] "GET /images/team_interior.jpg HTTP/1.1" 200 49041 "http://www.fireinspectionservices.com/about.html" "Mozilla/5.0 (Windows NT 10.0; Win64; x64) AppleWebKit/537.36 (KHTML, like Gecko) Chrome/97.0.4692.71 Safari/537.36" "www.fireinspectionservices.com"
47.18.84.235 - - [25/Jan/2022:07:12:19 -0800] "GET /images/remodel_interior.jpg HTTP/1.1" 200 64687 "http://www.fireinspectionservices.com/about.html" "Mozilla/5.0 (Windows NT 10.0; Win64; x64) AppleWebKit/537.36 (KHTML, like Gecko) Chrome/97.0.4692.71 Safari/537.36" "www.fireinspectionservices.com"
47.18.84.235 - - [25/Jan/2022:07:12:19 -0800] "GET /images/firestrobe_interior.jpg HTTP/1.1" 200 40555 "http://www.fireinspectionservices.com/about.html" "Mozilla/5.0 (Windows NT 10.0; Win64; x64) AppleWebKit/537.36 (KHTML, like Gecko) Chrome/97.0.4692.71 Safari/537.36" "www.fireinspectionservices.com"
47.18.84.235 - - [25/Jan/2022:07:12:19 -0800] "GET /images/blueprints_interior.jpg HTTP/1.1" 200 48254 "http://www.fireinspectionservices.com/about.html" "Mozilla/5.0 (Windows NT 10.0; Win64; x64) AppleWebKit/537.36 (KHTML, like Gecko) Chrome/97.0.4692.71 Safari/537.36" "www.fireinspectionservices.com"
47.18.84.235 - - [25/Jan/2022:07:12:19 -0800] "GET /images/castle_interior.jpg HTTP/1.1" 200 40750 "http://www.fireinspectionservices.com/about.html" "Mozilla/5.0 (Windows NT 10.0; Win64; x64) AppleWebKit/537.36 (KHTML, like Gecko) Chrome/97.0.4692.71 Safari/537.36" "www.fireinspectionservices.com"
47.18.84.235 - - [25/Jan/2022:07:12:19 -0800] "GET /images/hospital_interior.jpg HTTP/1.1" 200 56452 "http://www.fireinspectionservices.com/about.html" "Mozilla/5.0 (Windows NT 10.0; Win64; x64) AppleWebKit/537.36 (KHTML, like Gecko) Chrome/97.0.4692.71 Safari/537.36" "www.fireinspectionservices.com"
47.18.84.235 - - [25/Jan/2022:07:12:19 -0800] "GET /images/fireextinguisher_interior.jpg HTTP/1.1" 200 28941 "http://www.fireinspectionservices.com/about.html" "Mozilla/5.0 (Windows NT 10.0; Win64; x64) AppleWebKit/537.36 (KHTML, like Gecko) Chrome/97.0.4692.71 Safari/537.36" "www.fireinspectionservices.com"
47.18.84.235 - - [25/Jan/2022:07:12:19 -0800] "GET /images/whole_foods_interior.jpg HTTP/1.1" 200 40300 "http://www.fireinspectionservices.com/about.html" "Mozilla/5.0 (Windows NT 10.0; Win64; x64) AppleWebKit/537.36 (KHTML, like Gecko) Chrome/97.0.4692.71 Safari/537.36" "www.fireinspectionservices.com"
47.18.84.235 - - [25/Jan/2022:07:12:19 -0800] "GET /loading.gif HTTP/1.1" 404 88 "http://www.fireinspectionservices.com/about.html" "Mozilla/5.0 (Windows NT 10.0; Win64; x64) AppleWebKit/537.36 (KHTML, like Gecko) Chrome/97.0.4692.71 Safari/537.36" "www.fireinspectionservices.com"
47.18.84.235 - - [25/Jan/2022:07:12:19 -0800] "GET /images/buildings_interior.jpg HTTP/1.1" 200 41063 "http://www.fireinspectionservices.com/about.html" "Mozilla/5.0 (Windows NT 10.0; Win64; x64) AppleWebKit/537.36 (KHTML, like Gecko) Chrome/97.0.4692.71 Safari/537.36" "www.fireinspectionservices.com"
23.24.135.205 - - [25/Jan/2022:07:12:17 -0800] "GET /loading.gif HTTP/1.1" 404 88 "http://fireinspectionservices.com/about.html" "Mozilla/5.0 (Windows NT 10.0; Win64; x64) AppleWebKit/537.36 (KHTML, like Gecko) Chrome/97.0.4692.71 Safari/537.36" "fireinspectionservices.com"
47.18.84.235 - - [25/Jan/2022:07:12:19 -0800] "GET /images/new_location_interior.jpg HTTP/1.1" 200 71780 "http://www.fireinspectionservices.com/about.html" "Mozilla/5.0 (Windows NT 10.0; Win64; x64) AppleWebKit/537.36 (KHTML, like Gecko) Chrome/97.0.4692.71 Safari/537.36" "www.fireinspectionservices.com"
47.18.84.235 - - [25/Jan/2022:07:12:19 -0800] "GET /images/sprinkler_interior.jpg HTTP/1.1" 200 17602 "http://www.fireinspectionservices.com/about.html" "Mozilla/5.0 (Windows NT 10.0; Win64; x64) AppleWebKit/537.36 (KHTML, like Gecko) Chrome/97.0.4692.71 Safari/537.36" "www.fireinspectionservices.com"
23.24.135.205 - - [25/Jan/2022:07:12:38 -0800] "GET /scripts/scripts.js HTTP/1.1" 404 88 "http://fireinspectionservices.com/index.html" "Mozilla/5.0 (Windows NT 10.0; Win64; x64) AppleWebKit/537.36 (KHTML, like Gecko) Chrome/97.0.4692.71 Safari/537.36" "fireinspectionservices.com"
23.24.135.205 - - [25/Jan/2022:07:12:38 -0800] "GET /loading.gif HTTP/1.1" 404 88 "http://fireinspectionservices.com/index.html" "Mozilla/5.0 (Windows NT 10.0; Win64; x64) AppleWebKit/537.36 (KHTML, like Gecko) Chrome/97.0.4692.71 Safari/537.36" "fireinspectionservices.com"
23.24.135.205 - - [25/Jan/2022:07:12:42 -0800] "GET /scripts/scripts.js HTTP/1.1" 404 88 "http://fireinspectionservices.com/team.html" "Mozilla/5.0 (Windows NT 10.0; Win64; x64) AppleWebKit/537.36 (KHTML, like Gecko) Chrome/97.0.4692.71 Safari/537.36" "fireinspectionservices.com"
23.24.135.205 - - [25/Jan/2022:07:12:47 -0800] "GET /scripts/scripts.js HTTP/1.1" 404 88 "http://fireinspectionservices.com/index.html" "Mozilla/5.0 (Windows NT 10.0; Win64; x64) AppleWebKit/537.36 (KHTML, like Gecko) Chrome/97.0.4692.71 Safari/537.36" "fireinspectionservices.com"
23.24.135.205 - - [25/Jan/2022:07:12:48 -0800] "GET /loading.gif HTTP/1.1" 404 88 "http://fireinspectionservices.com/index.html" "Mozilla/5.0 (Windows NT 10.0; Win64; x64) AppleWebKit/537.36 (KHTML, like Gecko) Chrome/97.0.4692.71 Safari/537.36" "fireinspectionservices.com"
54.89.53.241 - - [25/Jan/2022:07:13:01 -0800] "GET /about.html HTTP/1.1" 206 2536 "-" "Slackbot-LinkExpanding 1.0 (+https://api.slack.com/robots)" "www.fireinspectionservices.com"
3.95.66.87 - - [25/Jan/2022:07:13:01 -0800] "GET /favicon.ico HTTP/1.1" 404 88 "-" "Slackbot 1.0 (+https://api.slack.com/robots)" "www.fireinspectionservices.com"
47.18.84.235 - - [25/Jan/2022:07:13:40 -0800] "GET /services.html HTTP/1.1" 200 2621 "http://www.fireinspectionservices.com/about.html" "Mozilla/5.0 (Windows NT 10.0; Win64; x64) AppleWebKit/537.36 (KHTML, like Gecko) Chrome/97.0.4692.71 Safari/537.36" "www.fireinspectionservices.com"
47.18.84.235 - - [25/Jan/2022:07:13:40 -0800] "GET /scripts/scripts.js HTTP/1.1" 404 88 "http://www.fireinspectionservices.com/services.html" "Mozilla/5.0 (Windows NT 10.0; Win64; x64) AppleWebKit/537.36 (KHTML, like Gecko) Chrome/97.0.4692.71 Safari/537.36" "www.fireinspectionservices.com"
47.18.84.235 - - [25/Jan/2022:07:13:41 -0800] "GET /loading.gif HTTP/1.1" 404 88 "http://www.fireinspectionservices.com/services.html" "Mozilla/5.0 (Windows NT 10.0; Win64; x64) AppleWebKit/537.36 (KHTML, like Gecko) Chrome/97.0.4692.71 Safari/537.36" "www.fireinspectionservices.com"
47.18.84.235 - - [25/Jan/2022:07:14:11 -0800] "GET /scripts/scripts.js HTTP/1.1" 404 88 "http://www.fireinspectionservices.com/services.html" "Mozilla/5.0 (Windows NT 10.0; Win64; x64) AppleWebKit/537.36 (KHTML, like Gecko) Chrome/97.0.4692.71 Safari/537.36" "www.fireinspectionservices.com"
47.18.84.235 - - [25/Jan/2022:07:14:11 -0800] "GET /loading.gif HTTP/1.1" 404 88 "http://www.fireinspectionservices.com/services.html" "Mozilla/5.0 (Windows NT 10.0; Win64; x64) AppleWebKit/537.36 (KHTML, like Gecko) Chrome/97.0.4692.71 Safari/537.36" "www.fireinspectionservices.com"
47.18.84.235 - - [25/Jan/2022:07:14:11 -0800] "GET /references.html HTTP/1.1" 200 1901 "http://www.fireinspectionservices.com/services.html" "Mozilla/5.0 (Windows NT 10.0; Win64; x64) AppleWebKit/537.36 (KHTML, like Gecko) Chrome/97.0.4692.71 Safari/537.36" "www.fireinspectionservices.com"
47.18.84.235 - - [25/Jan/2022:07:14:11 -0800] "GET /scripts/scripts.js HTTP/1.1" 404 88 "http://www.fireinspectionservices.com/references.html" "Mozilla/5.0 (Windows NT 10.0; Win64; x64) AppleWebKit/537.36 (KHTML, like Gecko) Chrome/97.0.4692.71 Safari/537.36" "www.fireinspectionservices.com"
47.18.84.235 - - [25/Jan/2022:07:14:11 -0800] "GET /images/castle_reference_page.jpg HTTP/1.1" 200 75073 "http://www.fireinspectionservices.com/references.html" "Mozilla/5.0 (Windows NT 10.0; Win64; x64) AppleWebKit/537.36 (KHTML, like Gecko) Chrome/97.0.4692.71 Safari/537.36" "www.fireinspectionservices.com"
47.18.84.235 - - [25/Jan/2022:07:14:11 -0800] "GET /images/hospital_reference_page.jpg HTTP/1.1" 200 110331 "http://www.fireinspectionservices.com/references.html" "Mozilla/5.0 (Windows NT 10.0; Win64; x64) AppleWebKit/537.36 (KHTML, like Gecko) Chrome/97.0.4692.71 Safari/537.36" "www.fireinspectionservices.com"
47.18.84.235 - - [25/Jan/2022:07:14:11 -0800] "GET /images/whole_foods_reference_page.jpg HTTP/1.1" 200 100819 "http://www.fireinspectionservices.com/references.html" "Mozilla/5.0 (Windows NT 10.0; Win64; x64) AppleWebKit/537.36 (KHTML, like Gecko) Chrome/97.0.4692.71 Safari/537.36" "www.fireinspectionservices.com"
47.18.84.235 - - [25/Jan/2022:07:14:11 -0800] "GET /loading.gif HTTP/1.1" 404 88 "http://www.fireinspectionservices.com/references.html" "Mozilla/5.0 (Windows NT 10.0; Win64; x64) AppleWebKit/537.36 (KHTML, like Gecko) Chrome/97.0.4692.71 Safari/537.36" "www.fireinspectionservices.com"
47.18.84.235 - - [25/Jan/2022:07:14:11 -0800] "GET /images/remodel_reference_page.jpg HTTP/1.1" 200 121757 "http://www.fireinspectionservices.com/references.html" "Mozilla/5.0 (Windows NT 10.0; Win64; x64) AppleWebKit/537.36 (KHTML, like Gecko) Chrome/97.0.4692.71 Safari/537.36" "www.fireinspectionservices.com"
23.24.135.205 - - [25/Jan/2022:07:14:16 -0800] "GET /scripts/scripts.js HTTP/1.1" 404 88 "http://fireinspectionservices.com/references.html" "Mozilla/5.0 (Windows NT 10.0; Win64; x64) AppleWebKit/537.36 (KHTML, like Gecko) Chrome/97.0.4692.71 Safari/537.36" "fireinspectionservices.com"
23.24.135.205 - - [25/Jan/2022:07:14:16 -0800] "GET /images/castle_reference_page.jpg HTTP/1.1" 200 75073 "http://fireinspectionservices.com/references.html" "Mozilla/5.0 (Windows NT 10.0; Win64; x64) AppleWebKit/537.36 (KHTML, like Gecko) Chrome/97.0.4692.71 Safari/537.36" "fireinspectionservices.com"
23.24.135.205 - - [25/Jan/2022:07:14:16 -0800] "GET /loading.gif HTTP/1.1" 404 88 "http://fireinspectionservices.com/references.html" "Mozilla/5.0 (Windows NT 10.0; Win64; x64) AppleWebKit/537.36 (KHTML, like Gecko) Chrome/97.0.4692.71 Safari/537.36" "fireinspectionservices.com"
47.18.84.235 - - [25/Jan/2022:07:14:20 -0800] "GET /free_quote.html HTTP/1.1" 200 1673 "http://www.fireinspectionservices.com/references.html" "Mozilla/5.0 (Windows NT 10.0; Win64; x64) AppleWebKit/537.36 (KHTML, like Gecko) Chrome/97.0.4692.71 Safari/537.36" "www.fireinspectionservices.com"
47.18.84.235 - - [25/Jan/2022:07:14:20 -0800] "GET /scripts/scripts.js HTTP/1.1" 404 88 "http://www.fireinspectionservices.com/free_quote.html" "Mozilla/5.0 (Windows NT 10.0; Win64; x64) AppleWebKit/537.36 (KHTML, like Gecko) Chrome/97.0.4692.71 Safari/537.36" "www.fireinspectionservices.com"
47.18.84.235 - - [25/Jan/2022:07:14:20 -0800] "GET /images/blueprints_interior.gif HTTP/1.1" 200 118997 "http://www.fireinspectionservices.com/free_quote.html" "Mozilla/5.0 (Windows NT 10.0; Win64; x64) AppleWebKit/537.36 (KHTML, like Gecko) Chrome/97.0.4692.71 Safari/537.36" "www.fireinspectionservices.com"
47.18.84.235 - - [25/Jan/2022:07:14:30 -0800] "GET /contact.html HTTP/1.1" 200 1802 "http://www.fireinspectionservices.com/free_quote.html" "Mozilla/5.0 (Windows NT 10.0; Win64; x64) AppleWebKit/537.36 (KHTML, like Gecko) Chrome/97.0.4692.71 Safari/537.36" "www.fireinspectionservices.com"
47.18.84.235 - - [25/Jan/2022:07:14:30 -0800] "GET /scripts/scripts.js HTTP/1.1" 404 88 "http://www.fireinspectionservices.com/contact.html" "Mozilla/5.0 (Windows NT 10.0; Win64; x64) AppleWebKit/537.36 (KHTML, like Gecko) Chrome/97.0.4692.71 Safari/537.36" "www.fireinspectionservices.com"
47.18.84.235 - - [25/Jan/2022:07:14:30 -0800] "GET /images/map_small.png HTTP/1.1" 200 183926 "http://www.fireinspectionservices.com/contact.html" "Mozilla/5.0 (Windows NT 10.0; Win64; x64) AppleWebKit/537.36 (KHTML, like Gecko) Chrome/97.0.4692.71 Safari/537.36" "www.fireinspectionservices.com"
47.18.84.235 - - [25/Jan/2022:07:14:34 -0800] "GET /index.html HTTP/1.1" 200 20 "http://www.fireinspectionservices.com/contact.html" "Mozilla/5.0 (Windows NT 10.0; Win64; x64) AppleWebKit/537.36 (KHTML, like Gecko) Chrome/97.0.4692.71 Safari/537.36" "www.fireinspectionservices.com"
47.18.84.235 - - [25/Jan/2022:07:14:38 -0800] "GET /scripts/scripts.js HTTP/1.1" 404 88 "http://www.fireinspectionservices.com/about.html" "Mozilla/5.0 (Windows NT 10.0; Win64; x64) AppleWebKit/537.36 (KHTML, like Gecko) Chrome/97.0.4692.71 Safari/537.36" "www.fireinspectionservices.com"
47.18.84.235 - - [25/Jan/2022:07:14:38 -0800] "GET /loading.gif HTTP/1.1" 404 88 "http://www.fireinspectionservices.com/about.html" "Mozilla/5.0 (Windows NT 10.0; Win64; x64) AppleWebKit/537.36 (KHTML, like Gecko) Chrome/97.0.4692.71 Safari/537.36" "www.fireinspectionservices.com"
47.18.84.235 - - [25/Jan/2022:07:14:42 -0800] "GET /team.html HTTP/1.1" 200 1661 "http://www.fireinspectionservices.com/about.html" "Mozilla/5.0 (Windows NT 10.0; Win64; x64) AppleWebKit/537.36 (KHTML, like Gecko) Chrome/97.0.4692.71 Safari/537.36" "www.fireinspectionservices.com"
47.18.84.235 - - [25/Jan/2022:07:14:42 -0800] "GET /scripts/scripts.js HTTP/1.1" 404 88 "http://www.fireinspectionservices.com/team.html" "Mozilla/5.0 (Windows NT 10.0; Win64; x64) AppleWebKit/537.36 (KHTML, like Gecko) Chrome/97.0.4692.71 Safari/537.36" "www.fireinspectionservices.com"
47.18.84.235 - - [25/Jan/2022:07:14:43 -0800] "GET /scripts/scripts.js HTTP/1.1" 404 88 "http://www.fireinspectionservices.com/services.html" "Mozilla/5.0 (Windows NT 10.0; Win64; x64) AppleWebKit/537.36 (KHTML, like Gecko) Chrome/97.0.4692.71 Safari/537.36" "www.fireinspectionservices.com"
47.18.84.235 - - [25/Jan/2022:07:14:43 -0800] "GET /loading.gif HTTP/1.1" 404 88 "http://www.fireinspectionservices.com/services.html" "Mozilla/5.0 (Windows NT 10.0; Win64; x64) AppleWebKit/537.36 (KHTML, like Gecko) Chrome/97.0.4692.71 Safari/537.36" "www.fireinspectionservices.com"
23.24.135.205 - - [25/Jan/2022:07:14:56 -0800] "GET /services.html HTTP/1.1" 200 2621 "http://fireinspectionservices.com/references.html" "Mozilla/5.0 (Windows NT 10.0; Win64; x64) AppleWebKit/537.36 (KHTML, like Gecko) Chrome/97.0.4692.71 Safari/537.36" "fireinspectionservices.com"
23.24.135.205 - - [25/Jan/2022:07:14:56 -0800] "GET /scripts/scripts.js HTTP/1.1" 404 88 "http://fireinspectionservices.com/services.html" "Mozilla/5.0 (Windows NT 10.0; Win64; x64) AppleWebKit/537.36 (KHTML, like Gecko) Chrome/97.0.4692.71 Safari/537.36" "fireinspectionservices.com"
23.24.135.205 - - [25/Jan/2022:07:14:56 -0800] "GET /loading.gif HTTP/1.1" 404 88 "http://fireinspectionservices.com/services.html" "Mozilla/5.0 (Windows NT 10.0; Win64; x64) AppleWebKit/537.36 (KHTML, like Gecko) Chrome/97.0.4692.71 Safari/537.36" "fireinspectionservices.com"
23.24.135.205 - - [25/Jan/2022:07:15:25 -0800] "GET /scripts/scripts.js HTTP/1.1" 404 88 "http://fireinspectionservices.com/index.html" "Mozilla/5.0 (Windows NT 10.0; Win64; x64) AppleWebKit/537.36 (KHTML, like Gecko) Chrome/97.0.4692.71 Safari/537.36" "fireinspectionservices.com"
23.24.135.205 - - [25/Jan/2022:07:15:25 -0800] "GET /loading.gif HTTP/1.1" 404 88 "http://fireinspectionservices.com/index.html" "Mozilla/5.0 (Windows NT 10.0; Win64; x64) AppleWebKit/537.36 (KHTML, like Gecko) Chrome/97.0.4692.71 Safari/537.36" "fireinspectionservices.com"
23.24.135.205 - - [25/Jan/2022:07:15:32 -0800] "GET /scripts/scripts.js HTTP/1.1" 404 88 "http://fireinspectionservices.com/about.html" "Mozilla/5.0 (Windows NT 10.0; Win64; x64) AppleWebKit/537.36 (KHTML, like Gecko) Chrome/97.0.4692.71 Safari/537.36" "fireinspectionservices.com"
23.24.135.205 - - [25/Jan/2022:07:15:32 -0800] "GET /loading.gif HTTP/1.1" 404 88 "http://fireinspectionservices.com/about.html" "Mozilla/5.0 (Windows NT 10.0; Win64; x64) AppleWebKit/537.36 (KHTML, like Gecko) Chrome/97.0.4692.71 Safari/537.36" "fireinspectionservices.com"
23.24.135.205 - - [25/Jan/2022:07:15:42 -0800] "GET /scripts/scripts.js HTTP/1.1" 404 88 "http://fireinspectionservices.com/team.html" "Mozilla/5.0 (Windows NT 10.0; Win64; x64) AppleWebKit/537.36 (KHTML, like Gecko) Chrome/97.0.4692.71 Safari/537.36" "fireinspectionservices.com"
23.24.135.205 - - [25/Jan/2022:07:15:48 -0800] "GET /scripts/scripts.js HTTP/1.1" 404 88 "http://fireinspectionservices.com/references.html" "Mozilla/5.0 (Windows NT 10.0; Win64; x64) AppleWebKit/537.36 (KHTML, like Gecko) Chrome/97.0.4692.71 Safari/537.36" "fireinspectionservices.com"
23.24.135.205 - - [25/Jan/2022:07:15:49 -0800] "GET /loading.gif HTTP/1.1" 404 88 "http://fireinspectionservices.com/references.html" "Mozilla/5.0 (Windows NT 10.0; Win64; x64) AppleWebKit/537.36 (KHTML, like Gecko) Chrome/97.0.4692.71 Safari/537.36" "fireinspectionservices.com"
23.24.135.205 - - [25/Jan/2022:07:16:04 -0800] "GET /scripts/scripts.js HTTP/1.1" 404 88 "http://fireinspectionservices.com/free_quote.html" "Mozilla/5.0 (Windows NT 10.0; Win64; x64) AppleWebKit/537.36 (KHTML, like Gecko) Chrome/97.0.4692.71 Safari/537.36" "fireinspectionservices.com"
23.24.135.205 - - [25/Jan/2022:07:16:15 -0800] "GET /scripts/scripts.js HTTP/1.1" 404 88 "http://fireinspectionservices.com/contact.html" "Mozilla/5.0 (Windows NT 10.0; Win64; x64) AppleWebKit/537.36 (KHTML, like Gecko) Chrome/97.0.4692.71 Safari/537.36" "fireinspectionservices.com"
47.18.84.235 - - [25/Jan/2022:07:17:55 -0800] "GET /scripts/scripts.js HTTP/1.1" 404 88 "http://fireinspectionservices.com/" "Mozilla/5.0 (Windows NT 10.0; Win64; x64) AppleWebKit/537.36 (KHTML, like Gecko) Chrome/97.0.4692.71 Safari/537.36" "fireinspectionservices.com"
47.18.84.235 - - [25/Jan/2022:07:17:55 -0800] "GET /loading.gif HTTP/1.1" 404 88 "http://fireinspectionservices.com/" "Mozilla/5.0 (Windows NT 10.0; Win64; x64) AppleWebKit/537.36 (KHTML, like Gecko) Chrome/97.0.4692.71 Safari/537.36" "fireinspectionservices.com"
208.100.26.247 - - [25/Jan/2022:07:32:37 -0800] "GET / HTTP/1.1" 200 20 "-" "Mozilla/5.0 (Windows NT 10.0; Win64; x64) AppleWebKit/537.36 (KHTML, like Gecko) Chrome/71.0.3578.80 Safari/537.36" "www.fireinspectionservices.com"
208.100.26.236 - - [25/Jan/2022:07:32:48 -0800] "GET / HTTP/1.1" 200 20 "-" "Mozilla/5.0 (Windows NT 6.1; WOW64) AppleWebKit/537.36 (KHTML, like Gecko) Chrome/71.0.3578.98 Safari/537.36" "www.fireinspectionservices.com"
47.18.84.235 - - [25/Jan/2022:07:37:20 -0800] "GET /services.html HTTP/1.1" 304 - "-" "Mozilla/5.0 (Windows NT 10.0; Win64; x64) AppleWebKit/537.36 (KHTML, like Gecko) Chrome/97.0.4692.71 Safari/537.36" "www.fireinspectionservices.com"
47.18.84.235 - - [25/Jan/2022:07:37:20 -0800] "GET /scripts/scripts.js HTTP/1.1" 404 88 "http://www.fireinspectionservices.com/services.html" "Mozilla/5.0 (Windows NT 10.0; Win64; x64) AppleWebKit/537.36 (KHTML, like Gecko) Chrome/97.0.4692.71 Safari/537.36" "www.fireinspectionservices.com"
47.18.84.235 - - [25/Jan/2022:07:37:20 -0800] "GET /loading.gif HTTP/1.1" 404 88 "http://www.fireinspectionservices.com/services.html" "Mozilla/5.0 (Windows NT 10.0; Win64; x64) AppleWebKit/537.36 (KHTML, like Gecko) Chrome/97.0.4692.71 Safari/537.36" "www.fireinspectionservices.com"
47.18.84.235 - - [25/Jan/2022:07:37:26 -0800] "GET / HTTP/1.1" 200 20 "-" "Mozilla/5.0 (Windows NT 10.0; Win64; x64) AppleWebKit/537.36 (KHTML, like Gecko) Chrome/97.0.4692.71 Safari/537.36" "www.fireinspectionservices.com"
